ine g(6).
8
Let m(o) = -o**2 + 5*o + 27. Let x be m(8). Let a(p) = -2 + 2 - 15*p + x + 14*p. What is a(6)?
-3
Let n be (-2 + -5 + 7)/(-2 - -3). Let o(k) = -2*k - 7*k + 8*k - 5 + 0. What is o(n)?
-5
Let n = -695 - -682. Let p(i) = i**3 + 13*i**2 + 2*i + 9. Give p(n).
-17
Let l = 13 + -14. Let j be (l/(-2))/(9/72). Let z(o) = -13 - 3*o + 14 + j*o + 0*o. Give z(-5).
-4
Let d be 2 - 4/((-8)/(-50)). Let i = d + 15. Let v(x) = -x**3 + 3*x - 578*x**2 + 5 + 571*x**2 + 5*x. What is v(i)?
5
Let j(c) = 5*c - 13. Let q(o) = -4*o + 11. Let r(a) = -5*j(a) - 6*q(a). Let i be (-4)/(-6)*(-9)/6. Let k = 0 - i. Calculate r(k).
-2
Suppose z = w + 2, 5*w - 4*z = -5*z + 20. Let s(n) = 9*n - 10 - 4*n**3 + n**3 - 8*n**2 + 4*n**w. Let l be (-21)/(-2)*10/15. Calculate s(l).
4
Let n be 77/(-14) + -3 + 14/4. Let f(b) = -2*b - 2. Determine f(n).
8
Let s(b) be the third derivative of 10*b**2 + 3/2*b**3 + 1/8*b**4 + 0 + 0*b. Determine s(-6).
-9
Let r(w) be the third derivative of -w**8/20160 - w**7/504 - w**6/720 + 3*w**5/10 + w**2 + 16*w. Let t(a) be the third derivative of r(a). Determine t(-10).
-1
Let q(g) = g - 6*g + 3*g + 2. Suppose -3*x + 80 = 2*x. Let l(r) = r**3 - 15*r**2 - 17*r + 11. Let n be l(x). Calculate q(n).
12
Let a(k) be the first derivative of -k**3/3 - 4*k + 17. Let z(h) = h**2 - 5*h. Let j be z(5). What is a(j)?
-4
Let d(k) = -k**2 + 13*k + 2. Suppose -3*x = -136*p + 141*p - 8, 0 = -2*x + 2*p + 32. Calculate d(x).
24
Suppose 6*z + 23 = 3*z + 5*q, -6 = -2*z - 2*q. Let c(u) = 25 - 7 - 2 - 4*u - 9 - 8. Calculate c(z).
3
Suppose w - 3*i = -6, 2*i - 4*i + 8 = 0. Let u(d) = d - 5. Calculate u(w).
1
Let f = -6 - -5. Let p = 0 - f. Let c(s) = 6*s**2 + 105*s - 105*s - 1. Calculate c(p).
5
Let x(d) = d**3 + d**2 + d + 1. Let o(r) = -r**2 + 2*r**2 + 10*r - 27*r - 7*r**3 + 12*r - 5. Let g(w) = o(w) + 6*x(w). What is g(7)?
8
Let b(w) = -w**3 + 13*w**2 - 3*w + 31. Let n be 18 - (-15)/(-12)*4. Determine b(n).
-8
Suppose 1 = -b, b + 10 = 3*c - 0*c. Let z(s) = -c + 15*s + 2 - 16*s. Determine z(-6).
5
Let o(v) = 3*v**3 - 7*v**2 - 3*v - 5. Let f(k) = k**3. Let q(n) = 4*f(n) - o(n). What is q(-6)?
23
Let n(o) = 2*o**3 + 7*o**2 - 2*o + 4. Let s(h) = 3*h**3 + 13*h**2 - 4*h + 7. Let t(a) = 5*n(a) - 3*s(a). Calculate t(3).
-4
Let h(z) = 3 - z - 25 + 8 + 9 + 1. What is h(-6)?
2
Let j(c) be the second derivative of -c**3 - 11*c**2/2 + c - 2. Give j(-4).
13
Suppose 0 = 3*c, -4*j + 6*c + 4 = 3*c. Let x be (-2 - (-46)/4)*2. Let v(b) = 1 + 11*b + x*b + b**2 + 2*b**2 - 31*b. What is v(j)?
3
Let z be (-7)/2*(-37 - -39). Let r(n) = n + 17. Give r(z).
10
Let x(p) = -3*p**2 + p + 12*p - 16*p - 8. Let t(v) = 8*v**2 + 8*v + 23. Let z be 23/(-6) - (-1)/(-6). Let l(c) = z*t(c) - 11*x(c). What is l(0)?
-4
Let v(k) = 0*k**2 - k + 5*k - 6*k + 2*k**2. Suppose 2*t + 0*t = 0. Suppose 0*f + f - 2 = t. What is v(f)?
4
Let p(a) = -2*a**3 - 17*a**2 + 12*a + 23. Let r be p(-9). Let j(q) = -3*q**2 - 6 + 6 - q**3 - 2 + 2*q - 2. What is j(r)?
4
Let r(c) = 2*c - 14. Let o = 9 + -6. Let f be o + 8/(-3 - -5). Let y be r(f). Let m(v) = v + 8. Calculate m(y).
8
Let y(l) = -3*l**2 - 8*l - 6. Let k(x) = -16*x**2 - 40*x - 29. Let w(n) = 2*k(n) - 11*y(n). Determine w(-6).
-4
Let o(n) = -13*n**3 - n**2 + 1. Let w be o(-1). Let x(s) = 15*s + 21. Let l(g) = -2*g - 2*g - 10 - 3*g. Let k(f) = w*l(f) + 6*x(f). What is k(3)?
-7
Let m(x) be the first derivative of 9*x**2/2 + 3*x - 29. Give m(-2).
-15
Let a(x) = x**2 + 4*x - 3. Let s be a(1). Let c(n) = -5 - n**2 + 1 + 3*n + 1 + s. Determine c(5).
-11
Let p = 6 + -4. Suppose 0 = f - 3 - p. Suppose -f*q = -7*q - 14. Let z(d) = d + 5. What is z(q)?
-2
Let x = 235 + -236. Let z(v) = 2*v**2. Determine z(x).
2
Let f(w) = w**2 - w - 1. Let p(a) = 16*a + 514. Let i be p(-32). Calculate f(i).
1
Suppose 0*f - f = -1. Let m(q) = -4*q + 5. Suppose -3*r + 2*c = 24, -3*c + 15 = 6*r - 7*r. Let n(l) = 1. Let y(h) = f*m(h) + r*n(h). Determine y(-1).
3
Let u(d) = -d**3 - 6*d**2 - d - 5. Let i be u(-6). Let c be (-4*(-6)/8)/i. Let n be -1 + -3 + c + -3. Let t(v) = v**3 + 5*v**2 - 3. What is t(n)?
13
Let z = 5 - 6. Let i(q) = 9*q**2 - q. Give i(z).
10
Let m(l) = l**2 - 10*l + 3. Let x be (-66)/363 + (-101)/(-11). Calculate m(x).
-6
Let l(t) = -6*t**2 + t + 1. Suppose 0 + 8 = 4*p. Determine l(p).
-21
Let s be 8/((-6)/24 - 18/(-8)). Let t(z) = 1 + 4 - 1 + z + z. Calculate t(s).
12
Let y be 7/((-21)/(-12)) - (-4 - -8). Suppose y = 13*g + 43 + 74. Let z(r) = -r**3 - 10*r**2 - 9*r - 3. Determine z(g).
-3
Let v(d) = 2*d - 7*d + 9*d + 1. Give v(-1).
-3
Suppose -5*l - 5 = 5. Let w(d) be the third derivative of -d**6/120 - d**5/20 - d**4/12 - d**3/2 - 28*d**2 + 10. Give w(l).
-3
Suppose -4*g + 43 = -5*a, -g - 14 = -2*g - 2*a. Let c(s) = -18*s - 3 - s**2 + g*s + 3. Give c(-3).
9
Let n(t) = -26*t - 5. Let u be n(1). Let m = -25 - u. Let s(p) be the first derivative of p**4/4 - 5*p**3/3 - 5*p**2/2 - 6*p - 1. What is s(m)?
0
Let t(q) = 28*q**2 + 3*q + 26*q**2 - 65*q**2 + 21*q**2 + 3. Calculate t(-2).
37
Let b(i) = 4 - 6*i - i**2 - i**3 + 0*i**2 - 4*i**2 + 2*i**3. Suppose 16*v = 9*v + 42. Calculate b(v).
4
Let s(l) = -l**3 + 2*l**2 + 5*l - 3. Let j be s(3). Suppose 15*z = j*z + 12. Let n(a) = 9*a. Calculate n(z).
9
Let u(v) = -2 - v - 10 - 7 + 23. What is u(-4)?
8
Let l(z) = -15 + 7 + 13 + 4*z - 11. Determine l(4).
10
Let u(y) = -y**3 - 18*y**2 - y - 13. Let p(l) = l**2 - 18*l - 1. Let v be p(17). What is u(v)?
5
Let a be 4/8*(1 + 1). Let d(r) be the third derivative of r**4/24 - r**3/6 + 161*r**2 - r. Give d(a).
0
Let r(x) = 53*x**2 - 1 - 101*x**2 + 50*x**2. Suppose -3*o + 2*y = -6 - 0, -o + 5*y - 11 = 0. Suppose -10 = n + o*n. Determine r(n).
7
Let x(f) = 2*f**3 - 6*f**2 - 19*f + 7. Let g(u) = u**3 - 4*u**2 - 10*u + 4. Let a(o) = 7*g(o) - 4*x(o). Give a(-5).
-5
Let y(x) be the first derivative of x**4/4 + 3*x**3 + 2*x + 430. Determine y(-9).
2
Let z(f) = -f**2 + 9*f + 6. Let r be (11 - (17 + -8))/((-2)/(-11)). Give z(r).
-16
Let w(p) = 4*p**2 + 87*p**3 - 172*p**3 + 88*p**3. What is w(-2)?
-8
Let x(u) = -2*u + 1. Let s = -173 - -174. Give x(s).
-1
Let a(n) be the second derivative of n**4/12 - 4*n**3/3 - 7*n**2/2 - n. Suppose 8*i + 56 = 15*i. Calculate a(i).
-7
Let c(o) = 4*o**3 + 2*o**2 - 4*o - 3. Let x(f) = f**3 + f**2 - 2*f. Let a(y) = c(y) - 5*x(y). What is a(-5)?
17
Let b(z) = -z + z - 6*z + 2 + 8*z. Determine b(6).
14
Suppose -3*z + 6*z = 18. Let o be (-22)/(-33) - (-2)/z. Suppose -2*t + 3*n + o = 11, -5*n = -5*t - 25. Let x(u) = u**3 + 5*u**2 - u - 4. Determine x(t).
1
Let a be (-10)/12 - 87/(-18). Let q be 2/a*(-3 + -7). Let h(l) = 2 + 2 - 3*l + 4*l. Determine h(q).
-1
Let h(f) be the second derivative of -f**4/4 + 4*f**3/3 - 2*f**2 + 14*f. Calculate h(5).
-39
Let t(d) = -28*d - 212. Let q be t(-8). Let l(o) = o**2 - 12*o + 13. What is l(q)?
13
Let n(k) = -k**2 - 3*k**2 - 44*k + 41*k + 5*k**2. Calculate n(-4).
28
Let l(j) = j**2 - j - 6. Let x(s) = 5*s**2 - 6*s - 31. Let u(n) = -11*l(n) + 2*x(n). Let y(c) = -3*c + 3. Let o be y(2). Calculate u(o).
-2
Let y(p) = -p. Suppose -2*a + 67 = -a + 3*h, 3*a = h + 151. Let u = a + -52. Calculate y(u).
0
Let q(w) be the second derivative of 1/2*w**4 + 1/6*w**3 + 3*w + 0 - 3*w**2 - 1/20*w**5. Determine q(6).
0
Let y(c) = -c**2 - 9*c + 34. Let m be y(-14). Let b = m + 31. Let h(n) = -n + 1. Give h(b).
6
Let f(w) = 3*w**2 - 3*w - 10. Suppose 196*y + 21 = 189*y. What is f(y)?
26
Let m(a) be the third derivative of 11*a**4/24 - a**3/6 + 78*a**2. Determine m(-3).
-34
Let f(n) = -7*n + 8 + 2*n + 4*n. Suppose 0 = 2*a - 6*a. Calculate f(a).
8
Let j(s) = s + 5. Let g = 153 - 138. Suppose 18 = -18*n + g*n. Give j(n).
-1
Suppose 0 = 9*a + 178 - 160. Let q(r) = -r**3 + r + 1. Give q(a).
7
Let a = -110 - -6. Let p = -108 - a. Let o(r) = r**3 + 4*r**2 + r - 3. Determine o(p).
-7
Suppose 2*j = -5*h - 11, -3*j + 0*h - 8 = -h. Let y(p) be the first derivative of p**3/3 + p**2/2 - 4*p - 18. Determine y(j).
2
Let g = -60 + 61. Let v(t) = t - t**3 + 84*t**2 + g - 84*t**2. Determine v(2).
-5
Let a(m) be the second derivative of -1/20*m**5 + 5*m - 5/12*m**4 - 2/3*m**3 + 0 - 5/2*m**2. Suppose 0*c - 16 = 4*c. Calculate a(c).
-5
Let q(k) = -k**3 + 2*k**2 + 3*k - 3. Let z be q(2). Let l = -4 + z. Let v(r) = 3*r - 2. Let o(h) = -66*h + 42. Let b(m) = o(m) + 21*v(m). Give b(l).
3
